 is -113 - (132 + -283) - -58?
96
Evaluate (58 - -52) + 208 + -243.
75
-17 + -13 - -13 - 33
-50
What is the value of -2 - -41 - (-2 + 10 + 15 + -6 + -6)?
28
What is -2 + 29 - (177 - 6) - -1?
-143
What is 6 - (-91 + 117 - (-3 - 16))?
-39
33 + (19 - (27 - -38))
-13
-6 + (-3 - 15) - (-7 + 7 + -7) - 0
-17
What is 144 + -21 + -44 - (-46 - -1)?
124
Evaluate -190 + 118 + -7 + 46.
-33
81 + (121 - 42) + -122
38
Calculate 36 + -32 + 47 - 54.
-3
Calculate (-4 - (2 + -51 + (-10 - -8))) + 0.
47
What is 7 - (-14 + 15) - (8 - 2)?
0
What is (0 - -32) + (27 - 24) + -4?
31
Calculate (-17 - -9) + -34 - (21 + (7 - 15)).
-55
Evaluate 1 + -14 + (-7 - -5) + (-39 - -27).
-27
Calculate (-8 - (4 + -5)) + 7 + 4 + -15 + 67.
56
What is the value of 7 + (-1 - 3) - (82 + -75)?
-4
-4 - -6 - (-46 + 53) - 22
-27
Evaluate (-37 + 39 - 2) + 44.
44
(-34 - -36) + (-15 - (47 - -2))
-62
Calculate -882 - -867 - (0 + -2 - (-1 - -6)).
-8
Calculate (3 - 1) + 1 + -15 + -19410 + 19390.
-32
What is -28 + -10 + 20 + 7 - 16?
-27
Calculate (-103 - (4 - 60)) + -3 + -4 + -3.
-57
1 + -14 + -38 + (29 - (-19 + 3))
-6
What is the value of 7 - ((19 - 0) + -7 + -1 - -69)?
-73
What is the value of 76 + ((-11 - -19) + -10 - 11) + 14 + 1?
78
Calculate (-3 - (-9 + 3 + 6)) + (22 - 52).
-33
Calculate (143 - (144 - 64)) + 7.
70
152 - 97 - -25 - 21
59
Calculate -10 + (33 - 10) - (-2 + -73 + 5).
83
Calculate 28 + (174 + -178 - (-1 - -1)).
24
Calculate -9 + (-1 - -2) + 71 + (10 - 78).
-5
Calculate -73 + 38 + (-20 - -38).
-17
Calculate -816 - -786 - (4 + -87).
53
(4 - ((3 - 0) + -4) - 6) + (-23 - -4)
-20
157 + -59 + -72 - (-2 - -115) - (11 - -1)
-99
Calculate (-44 - (-80 + 22)) + 2 + 2 + 5.
23
What is (-5 - 4) + (-272 - -303)?
22
What is the value of -105 - -132 - (1 + -3 + -23)?
52
(195 - (56 + 65)) + -94
-20
What is (74 + -17 - 205) + 50?
-98
-148 - (54 + -136 + -7)
-59
Calculate -62 + -11 + -2 + (-136 - -168).
-43
Calculate 0 - -32 - (3241 - 3276).
67
22 + (-4 - (31 - 13)) + (6 - 0) + -4
2
-54 + -1 + -18 + 41
-32
What is (16226 - 16153) + (2 - -1) + 1?
77
What is the value of -25 + 7 + 32 - (6 + 1)?
7
What is the value of 1 - (-46 + (-269 - -270) + (0 - 7))?
53
Calculate 32 + ((150 - 37) + -8 - 36).
101
Evaluate (-85 + -2 - -23) + 17 - -22.
-25
Calculate -2 + 4 + 34 + -41 - -1 - (-16 + -12).
24
Evaluate 6592 - 6629 - (1 + 26).
-64
Evaluate (-5 - ((-14 - -11) + -4)) + (66 - (0 + -10)).
78
Evaluate (207 - 137) + -15 + -5.
50
What is the value of -4 - (14 + 9 + -12 + -24) - 65?
-56
-24 + 2 + (10 - 5) + -1 + 10
-8
Evaluate (-36 - (-37 + 19)) + 41 + -46 + 127.
104
Calculate 4 + (3 - ((10 - 12) + 12)) + (47 - -9).
53
What is the value of -636 + 583 - (-44 - 4)?
-5
What is (-3 - (25 + -55)) + -45 + 81?
63
What is 2 + 27 + -36 - (19 - 24)?
-2
What is (-3 - 23) + 37 + -45 + -44?
-78
What is the value of -6 + (7 - 11 - -8) + 40?
38
Evaluate (47 - 129) + 85 + -2 + -24.
-23
What is 3 + (-17 - -92 - 51)?
27
Calculate (39 - (-104 - (-20 + -7))) + -31.
85
Calculate -58 + (5 - 7) + -6 + 3 + 4.
-59
What is the value of (-15 - (-1 + -2)) + 40 + -170 + 70?
-72
Calculate (-2 + 1 - 1) + (2 - (-25 - -16) - 126).
-117
Calculate -3 + 70 - (11 - 19 - (-16 + 4)).
63
Calculate (-141 - -140) + 48 + -11.
36
What is the value of (0 + 2 - 1 - 3 - (206 - 247)) + -3?
36
Calculate (-6 + (25 - 0) - 41) + 1 + 0.
-21
What is 4 + 1 + (6 - (12 + -7)) + -47?
-41
(71 - (217 - 114)) + 134
102
What is -35 - -52 - (-12 - -45)?
-16
What is 21 - (17 - 18 - (-2 + -11)) - 13?
-4
What is the value of 57 - -1 - (10440 - 10497)?
115
-22 + (-62 - (6 - 50))
-40
Calculate 1245 + -1267 - (-15 + 0).
-7
Calculate (-422 - -473) + (1 - 47).
5
(-9 - 2) + (-16 + 34 + -23 - 5)
-21
Evaluate -32 - -28 - (1 + (1 + 2 + -6 - -2)).
-4
Calculate -38 - 3 - (-434 - -429).
-36
13 + -2 + (2 + -82 - (-14 + 41 + -20))
-76
Calculate 44 + -74 + 4 - -30.
4
Calculate -8 + (3 + -6 - -2 - -1) + -3 + -11.
-22
What is the value of 20 - (-88 - -23 - -20)?
65
What is 37 + 28 + -101 - 10?
-46
(-3 + 14 - 1) + (17 - (-4 + 6))
25
What is 36 + 64 + -130 - (-1 - 92)?
63
What is the value of -4 + (16 - -12 - 11) + 13 - (-14 + 1)?
39
What is (-1984 - -1942) + (-45 - (6 - 3))?
-90
(-12 + (-1 - -7) - -13) + 5 + -3 + 3
12
-163 + 168 - (-11 - (-4 - (-2 + 1)))
13
Evaluate 3 + -76 - (2 + -10 - -4 - (5 + 1)).
-63
80 + (-347 - -330) + (42 - 1)
104
Calculate -588 - -556 - (3 + -77).
42
What is the value of -4 + 14 - (1 - (6 + -36 - 0))?
-21
-1 + 66 + (-44 - (55 - 110))
76
Calculate -19 + 14 + 17 + 0 + -40 + 78.
50
128 + -61 + -63 + 12
16
Calculate 27 + -4 + (150 + 1 - (-349 + 386)).
137
Calculate 0 - 13 - (-81 + 136 + -57).
-11
Calculate 27 - (-32 - -81) - (-4 - -2).
-20
17 + (-5 - (-8 - 4 - 11))
35
What is 38 + (18 + 28 + -26 - (-4 + 17))?
45
Evaluate 8 + (6 - -7) - (-36 + (-3 - -152)).
-92
What is the value of 8 + (-25 - 41) + 14?
-44
26 - (-23 + (0 - -4) + 115)
-70
Calculate (-14 - (-16 - -10) - 0) + (1 - -3) + 5.
1
What is 2 + 0 - 13 - (12 - (-96 - -106))?
-13
Evaluate (-24 - -9) + -33 + 2 + (-7 - -10).
-43
What is the value of 64 + (-40 - (58 - -25))?
-59
What is 69 + (-101 - -68) + 3?
39
1 + (51 - 25) + 20 + 1
48
Calculate -31 - (-53 - -93) - -8.
-63
126 + -69 + -83 - (0 + (9 - -1))
-36
Calculate 0 + 30 + -35 + -24 + 82.
53
What is the value of 46 + 3 + -19 + -39 + -46?
-55
What is the value of (-28 - (1 + -2 - -1)) + (-121 + 445 - 334)?
-38
What is the value of (-8 - (4 - 2)) + 4 - (-14 + 24 + -48)?
32
What is the value of -24 + 12 + (-11 + 14 - (5 + -1)) + 6?
-7
What is 2 + (-13 - 2) - (-68 + 121 - 105)?
39
What is 5 - (-5 + -13 + 16)?
7
(2 + -3 - (50 - 61)) + (35 - 15)
30
What is the value of (11 - (43 + -37)) + (-43 - -4) + -3?
-37
What is 1 + -6 + -2 - 14 - 40?
-61
What is the value of -20 + (3 + 8 + -5 - (-6 + -1))?
-7
Evaluate 39 - (1896 - 1935 - (1 + -142)).
-63
Evaluate 513 - 511 - (-1 + 10) - (1 - -22).
-30
3 - (1483 + -1519 + (1 - 4) + 19)
23
What is the value of 6 + 39 + (-1 - 2 - (30 + -10 + -15))?
37
Evaluate 25 + (-13 - -20 - -3) + -16.
19
29 - (-6 - ((10 - -9) + -11))
43
What is the value of -45 + 51 + -18 - (3 + -3 + -13)?
1
Evaluate 22 - ((0 - -15) + (33 - 34) - 13).
21
What is the value of -17 + 12 - 62 - (-12 + 9 - 7)?
-57
8 + 129 + (-58 - (-19 - 36))
134
What is -67 - (-119 + 85) - (-21 + -7)?
-5
Calculate (18 - 6 - 11) + 4.
5
Calculate 3 + -44 - -4 - (128 + -137).
-28
-43 - (1 + (-12 - (2 - (12 - 2))) - 3)
-37
68 - (-48 + 126 + -39)
29
114 + -41 - 107 - (-16 + 2)
-20
What is the value of (-105 - -35) + 83 - -20?
33
(62 - 16 - 18) + -30 + 12 + -4
6
What is the value of 16 + -10 + -13 + 5 + 5 + -11 + 38?
30
Calculate 129 - (-27 - (-19 + 21 - 11)).
147
Evaluate (-3 - 2) + 3 - (-50 - (-10 + -30)).
8
Evaluate -5 + (20 + (-17 - -13) + -6 - -6) + -49.
-38
What is 2 + 41 + (-18 - (-24 - (-29 - -25)))?
45
-108 - (-136 + (20 - -101))
-93
-49 + 25 + 32 - ((4 - -3) + 2)
-1
Evaluate 9 - (-38 + (-5 - -13) + 1 + 10).
28
Calculate -30 + (116 - (27 - -42)).
17
Evaluate -76 + -24 + (192 - 48).
44
What is 0 + (3 + -5 - -3) + (-24 - 4 - -16)?
-11
What is the value of (83 - 0) + 2 + ((9 - 18) + -11 - -11)?
76
Evaluate -397 - -386 - ((-5 - 0) + (4 - 0) - -9).
-19
What is the value of -120 + (21 - (-16 - (-16 - 5))) + -16?
-120
42 + -4 + -60 + 40
18
Calculate 2 - 1 - 5 - (5045 - 5044) - 3.
-8
What is the value of (4 - (30 - -5)) + (-3 - 12) + 21 + -1?
-26
10 - (16 + -1 + (6 - 12)) - -49
50
Calculate (-2 - 16 - (318 - 359)) + 1.
24
62 + (25 - 63) + -31 + 43 + -1
35
What is -1292 - -1156 - (-266 + -2)?
132
What is -1 + (-13 - -7) + (-19 + 27 - (7 + -14))?
8
Calculate -1708 + 1688 - (-1 - -67).
-86
What is 1 + -1 + -26 - (-352 + 271 - -105)?
-50
Calculate (2168 - 2167) + 2 + (89 - (-3 + 8)).
87
Calculate -10 + 3 + (0 - 4) - 40.
-51
What is the value of -11 + 11 - (-25 + 5 + 28 + -5)?
-3
Calculate 5 - 0 - (1358 + -1379).
26
What is 2 + -9 - (13 + -18 + -11 + -2)?
11
Calculate (572 - 570) + 26 + 1.
29
What is the value of -1 - (-43 - ((-12 - -21) + 20))?
71
What is (27 - ((18 - 13) + 47)) + -1 + -10?
-36
What is -179 + 152 - (7 + 1 + -8)?
-27
Evaluate (-21 - (22 - 39)) + (1 - ((-2 - 3) + -21)).
23
12 - -34 - (-15 + 3 + 31)
27
Evaluate -62 - (-2 + 3 + 22 - (-113 + 122)).
-76
Evaluate 34 - (10 + (17 - 11)).
18
What is the value of 26 + 3 + (-4 - -3) + -3 - (4807 - 4796)?
14
Calculate 7 + -1 - (4 + (16 - (7